
7
What is the billions digit of 2069906927?
2
What is the thousands digit of 46366628?
6
What is the ten millions digit of 926225507?
2
What is the hundred millions digit of 282920411?
2
What is the ten millions digit of 180952732?
8
What is the ten millions digit of 17486511?
1
What is the millions digit of 416598876?
6
What is the hundred thousands digit of 5764844322?
8
What is the thousands digit of 423864748?
4
What is the tens digit of 1546383?
8
What is the tens digit of 136938343?
4
What is the tens digit of 457646019?
1
What is the tens digit of 42570200?
0
What is the thousands digit of 153567733?
7
What is the hundred thousands digit of 1005919854?
9
What is the hundred thousands digit of 2447374869?
3
What is the billions digit of 2930188500?
2
What is the ten millions digit of 364231289?
6
What is the thousands digit of 10665938?
5
What is the tens digit of 65969509?
0
What is the units digit of 692239510?
0
What is the hundred thousands digit of 3695040533?
0
What is the thousands digit of 958193275?
3
What is the ten thousands digit of 470862355?
6
What is the thousands digit of 170473827?
3
What is the hundreds digit of 57400397?
3
What is the units digit of 54232759?
9
What is the millions digit of 73855556?
3
What is the millions digit of 1583952691?
3
What is the units digit of 17508440?
0
What is the hundred thousands digit of 115085933?
0
What is the units digit of 3939370084?
4
What is the units digit of 44617242?
2
What is the billions digit of 4083331330?
4
What is the units digit of 41551319?
9
What is the millions digit of 789782746?
9
What is the tens digit of 25089039?
3
What is the thousands digit of 21074014?
4
What is the hundred millions digit of 4269811338?
2
What is the ten millions digit of 47166725?
4
What is the billions digit of 2763220767?
2
What is the hundreds digit of 100777204?
2
What is the billions digit of 5129016054?
5
What is the tens digit of 1277753096?
9
What is the hundred thousands digit of 294964573?
9
What is the millions digit of 948675263?
8
What is the thousands digit of 64412184?
2
What is the hundreds digit of 397283393?
3
What is the ten millions digit of 217809410?
1
What is the millions digit of 791874337?
1
What is the thousands digit of 17602547?
2
What is the billions digit of 5521833813?
5
What is the billions digit of 6905064780?
6
What is the millions digit of 8959538774?
9
What is the ten millions digit of 1911506474?
1
What is the hundred thousands digit of 24977427?
9
What is the millions digit of 155786082?
5
What is the hundred thousands digit of 485737592?
7
What is the hundreds digit of 133837042?
0
What is the thousands digit of 34275895?
5
What is the hundred thousands digit of 72251490?
2
What is the ten thousands digit of 2822048761?
4
What is the ten thousands digit of 82769660?
6
What is the units digit of 3929305278?
8
What is the thousands digit of 57493182?
3
What is the ten millions digit of 62309515?
6
What is the units digit of 2274811857?
7
What is the thousands digit of 22479189?
9
What is the thousands digit of 173120670?
0
What is the units digit of 41929352?
2
What is the billions digit of 1342353927?
1
What is the millions digit of 44864755?
4
What is the tens digit of 74077710?
1
What is the hundred millions digit of 1965390515?
9
What is the units digit of 5781229?
9
What is the thousands digit of 98501288?
1
What is the ten thousands digit of 272299308?
9
What is the units digit of 1500219450?
0
What is the hundred millions digit of 3442042622?
4
What is the millions digit of 400374008?
0
What is the tens digit of 21551032?
3
What is the thousands digit of 32633517?
3
What is the hundred thousands digit of 562780096?
7
What is the units digit of 18196713?
3
What is the hundreds digit of 29970563?
5
What is the tens digit of 55822118?
1
What is the millions digit of 447231183?
7
What is the hundreds digit of 1761545089?
0
What is the ten millions digit of 550460751?
5
What is the millions digit of 245826123?
5
What is the billions digit of 2543804342?
2
What is the units digit of 62228990?
0
What is the thousands digit of 10186918?
6
What is the ten thousands digit of 82052131?
5
What is the hundred millions digit of 2745594176?
7
What is the units digit of 594601046?
6
What is the ten thousands digit of 148239718?
3
What is the ten millions digit of 1300223959?
0
What is the tens digit of 916334885?
8
What is the millions digit of 38928978?
8
What is the thousands digit of 91667656?
7
What is the thousands digit of 2731662232?
2
What is the millions digit of 939619323?
9
What is the tens digit of 110725294?
9
What is the ten millions digit of 76728573?
7
What is the ten millions digit of 67174797?
6
What is the thousands digit of 2265133?
5
What is the thousands digit of 52504506?
4
What is the millions digit of 4752081?
4
What is the ten thousands digit of 3356584720?
8
What is the hundred thousands digit of 71856889?
8
What is the ten thousands digit of 30897222?
9
What is the hundred millions digit of 125480044?
1
What is the hundred thousands digit of 981336226?
3
What is the thousands digit of 248189350?
9
What is the hundreds digit of 17530958?
9
What is the millions digit of 3065025037?
5
What is the ten millions digit of 44937139?
4
What is the hundred millions digit of 324129878?
3
What is the thousands digit of 195589149?
9
What is the hundreds digit of 52090532?
5
What is the thousands digit of 652638352?
8
What is the millions digit of 53020218?
3
What is the ten millions digit of 45236686?
4
What is the ten millions digit of 157229311?
5
What is the hundred thousands digit of 3151205905?
2
What is the hundred thousands digit of 2179614294?
6
What is the hundred thousands digit of 42606691?
6
What is the hundred thousands digit of 3331098?
3
What is the hundreds digit of 860053101?
1
What is the ten thousands digit of 669096014?
9
What is the hundred thousands digit of 266578285?
5
What is the thousands digit of 581020660?
0
What is the ten millions digit of 2954020942?
5
What is the units digit of 13096744?
4
What is the thousands digit of 37530343?
0
What is the ten millions digit of 23369440?
2
What is the units digit of 896738419?
9
What is the units digit of 1452060706?
6
What is the hundred thousands digit of 241472479?
4
What is the hundreds digit of 3251619?
6
What is the hundreds digit of 2890708591?
5
What is the tens digit of 667836219?
1
What is the thousands digit of 1329452718?
2
What is the hundred millions digit of 293017529?
2
What is the units digit of 559342664?
4
What is the ten thousands digit of 650225514?
2
What is the units digit of 6345601620?
0
What is the ten thousands digit of 534004881?
0
What is the hundred millions digit of 1052198643?
0
What is the millions digit of 6479347904?
9
What is the ten millions digit of 1130906743?
3
What is the ten thousands digit of 49093244?
9
What is the ten thousands digit of 663062638?
6
What is the ten thousands digit of 304821102?
2
What is the hundreds digit of 3840518234?
2
What is the hundred thousands digit of 6674540?
6
What is the millions digit of 464684791?
4
What is the tens digit of 108801169?
6
What is the tens digit of 235480697?
9
What is the hundred thousands digit of 55888099?
8
What is the hundreds digit of 681318230?
2
What is the hundreds digit of 94314677?
6
What is the thousands digit of 67278321?
8
What is the tens digit of 15673236?
3
What is the hundred thousands digit of 80928498?
9
What is the units digit of 78157501?
1
What is the hundreds digit of 184697353?
3
What is the ten thousands digit of 468978577?
7
What is the millions digit of 2139109?
2
What is the ten millions digit of 474133335?
7
What is the ten millions digit of 1517775181?
1
What is the hundred millions digit of 1217058501?
2
What is the tens digit of 4304603166?
6
What is the ten millions digit of 82604761?
8
What is the hundreds digit of 77443522?
5
What is the billions digit of 1073460548?
1
What is the thousands digit of 372610946?
0
What is the tens digit of 4029210192?
9
What is the hundred thousands digit of 778587749?
5
What is the tens digit of 244508675?
7
What is the ten thousands digit of 20844124?
4
What is the units digit of 1402649622?
2
What is the units di